7
List the prime factors of 21733.
103, 211
List the prime factors of 1060.
2, 5, 53
What are the prime factors of 44127?
3, 4903
What are the prime factors of 6443?
17, 379
List the prime factors of 6133.
6133
What are the prime factors of 59875?
5, 479
List the prime factors of 43159.
43159
List the prime factors of 3935.
5, 787
What are the prime factors of 1270?
2, 5, 127
List the prime factors of 896.
2, 7
What are the prime factors of 14616?
2, 3, 7, 29
List the prime factors of 1857.
3, 619
List the prime factors of 2358.
2, 3, 131
List the prime factors of 3906.
2, 3, 7, 31
What are the prime factors of 86590?
2, 5, 7, 1237
List the prime factors of 2586.
2, 3, 431
List the prime factors of 96714.
2, 3, 199
What are the prime factors of 1583?
1583
List the prime factors of 785.
5, 157
What are the prime factors of 792?
2, 3, 11
What are the prime factors of 7435?
5, 1487
List the prime factors of 1594.
2, 797
What are the prime factors of 16794?
2, 3, 311
List the prime factors of 1203.
3, 401
List the prime factors of 3786.
2, 3, 631
What are the prime factors of 6279?
3, 7, 13, 23
List the prime factors of 12888.
2, 3, 179
What are the prime factors of 984?
2, 3, 41
What are the prime factors of 9541?
7, 29, 47
What are the prime factors of 89297?
13, 6869
What are the prime factors of 56109?
3, 59, 317
What are the prime factors of 59877?
3, 6653
List the prime factors of 2255.
5, 11, 41
What are the prime factors of 136?
2, 17
What are the prime factors of 14814?
2, 3, 823
List the prime factors of 23447.
23447
What are the prime factors of 4301?
11, 17, 23
What are the prime factors of 3491?
3491
List the prime factors of 3614.
2, 13, 139
List the prime factors of 5174.
2, 13, 199
List the prime factors of 75099.
3, 25033
List the prime factors of 36828.
2, 3, 11, 31
What are the prime factors of 1168?
2, 73
List the prime factors of 43840.
2, 5, 137
What are the prime factors of 1114?
2, 557
What are the prime factors of 4025?
5, 7, 23
What are the prime factors of 1582?
2, 7, 113
What are the prime factors of 3991?
13, 307
What are the prime factors of 7589?
7589
What are the prime factors of 51599?
51599
List the prime factors of 70526.
2, 179, 197
What are the prime factors of 6243?
3, 2081
What are the prime factors of 22925?
5, 7, 131
What are the prime factors of 694?
2, 347
List the prime factors of 116374.
2, 31, 1877
What are the prime factors of 80895?
3, 5, 5393
What are the prime factors of 21481?
21481
List the prime factors of 6672.
2, 3, 139
List the prime factors of 1733.
1733
What are the prime factors of 12240?
2, 3, 5, 17
What are the prime factors of 5647?
5647
What are the prime factors of 33454?
2, 43, 389
What are the prime factors of 4543?
7, 11, 59
List the prime factors of 8407.
7, 1201
List the prime factors of 376.
2, 47
What are the prime factors of 14496?
2, 3, 151
What are the prime factors of 485?
5, 97
List the prime factors of 923.
13, 71
List the prime factors of 38017.
7, 5431
What are the prime factors of 20747?
20747
List the prime factors of 8709.
3, 2903
List the prime factors of 9646.
2, 7, 13, 53
What are the prime factors of 2548?
2, 7, 13
List the prime factors of 1727.
11, 157
What are the prime factors of 1233?
3, 137
List the prime factors of 940.
2, 5, 47
What are the prime factors of 1056?
2, 3, 11
List the prime factors of 17028.
2, 3, 11, 43
List the prime factors of 5072.
2, 317
What are the prime factors of 1393?
7, 199
What are the prime factors of 27252?
2, 3, 757
What are the prime factors of 2764?
2, 691
What are the prime factors of 1524?
2, 3, 127
What are the prime factors of 4761?
3, 23
List the prime factors of 39842.
2, 11, 1811
What are the prime factors of 3253?
3253
List the prime factors of 821.
821
What are the prime factors of 86136?
2, 3, 37, 97
List the prime factors of 1584.
2, 3, 11
List the prime factors of 1427.
1427
List the prime factors of 355.
5, 71
List the prime factors of 185.
5, 37
List the prime factors of 57725.
5, 2309
List the prime factors of 2681.
7, 383
List the prime factors of 1415.
5, 283
What are the prime factors of 601?
601
List the prime factors of 102509.
11, 9319
What are the prime factors of 23972?
2, 13, 461
What are the prime factors of 19735?
5, 3947
List the prime factors of 871.
13, 67
List the prime factors of 60763.
60763
What are the prime factors of 7835?
5, 1567
What are the prime factors of 1019?
1019
What are the prime factors of 2348?
2, 587
What are the prime factors of 1077?
3, 359
List the prime factors of 24835.
5, 4967
What are the prime factors of 661?
661
What are the prime factors of 55694?
2, 27847
List the prime factors of 10651.
10651
List the prime factors of 60175.
5, 29, 83
What are the prime factors of 302?
2, 151
List the prime factors of 1368.
2, 3, 19
What are the prime factors of 1323?
3, 7
What are the prime factors of 70325?
5, 29, 97
What are the prime factors of 82923?
3, 131, 211
What are the prime factors of 39966?
2, 3, 6661
List the prime factors of 4656.
2, 3, 97
What are the prime factors of 4647?
3, 1549
What are the prime factors of 6149?
11, 13, 43
List the prime factors of 37296.
2, 3, 7, 37
List the prime factors of 3606.
2, 3, 601
List the prime factors of 2017.
2017
List the prime factors of 467.
467
What are the prime factors of 1624?
2, 7, 29
List the prime factors of 290.
2, 5, 29
List the prime factors of 1319.
1319
What are the prime factors of 1576?
2, 197
List the prime factors of 5992.
2, 7, 107
What are the prime factors of 9450?
2, 3, 5, 7
What are the prime factors of 48566?
2, 7, 3469
List the prime factors of 2684.
2, 11, 61
List the prime factors of 2216.
2, 277
List the prime factors of 3683.
29, 127
List the prime factors of 8388.
2, 3, 233
What are the prime factors of 44624?
2, 2789
What are the prime factors of 113827?
7, 23, 101
List the prime factors of 90143.
109, 827
What are the prime factors of 7049?
7, 19, 53
What are the prime factors of 245?
5, 7
List the prime factors of 27024.
2, 3, 563
What are the prime factors of 2119?
13, 163
What are the prime factors of 43324?
2, 10831
What are the prime factors of 64488?
2, 3, 2687
What are the prime factors of 5101?
5101
What are the prime factors of 39090?
2, 3, 5, 1303
What are the prime factors of 4749?
3, 1583
What are the prime factors of 13836?
2, 3, 1153
What are the prime factors of 9904?
2, 619
List the prime factors of 26920.
2, 5, 673
List the prime factors of 3077.
17, 181
List the prime factors of 1029.
3, 7
What are the prime factors of 1551?
3, 11, 47
List the prime factors of 2134.
2, 11, 97
What are the prime factors of 7090?
2, 5, 709
List the prime factors of 3846.
2, 3, 641
What are the prime factors of 11326?
2, 7, 809
What are the prime factors of 799?
17, 47
What are the prime factors of 28765?
5, 11, 523
What are the prime factors of 31519?
43, 733
What are the prime factors of 989?
23, 43
List the prime factors of 571.
571
What are the prime factors of 15849?
3, 587
List the prime factors of 17497.
17497
What are the prime factors of 18768?
2, 3, 17, 23
List the prime factors of 23084.
2, 29, 199
What are the prime factors of 1049?
1049
What are the prime factors of 3444?
2, 3, 7, 41
What are the prime factors of 65486?
2, 137, 239
List the prime factors of 1856.
2, 29
List the prime factors of 1574.
2, 787
What are the prime factors of 3449?
3449
What are the prime factors of 6098?
2, 3049
List the prime factors of 1651.
13, 127
List the prime factors of 117.
3, 13
List the prime factors of 8615.
5, 1723
List the prime factors of 843.
3, 281
List the prime factors of 1923.
3, 641
List the prime factors of 31728.
2, 3, 661
List the prime factors of 743.
743
What are the prime factors of 118449?
3, 41, 107
List the prime factors of 979.
11, 89
What are the prime factors of 13262?
2, 19, 349
What are the prime factors of 6251?
7, 19, 47
What are the prime factors of 16265?
5, 3253
What are the prime factors of 342?
2, 3, 19
What are the prime factors of 373?
373
What are the prime factors of 65572?
2, 13, 97
What are the prime factors of 251?
251
What are the prime factors of 4674?
2, 3, 19, 41
List the prime factors of 2335.
5, 467
List the prime factors of 8727.
3, 2909
List the prim